{"id":21,"date":"2013-08-11T15:04:43","date_gmt":"2013-08-11T15:04:43","guid":{"rendered":"http:\/\/escapade-tunisie.com\/voyages\/?post_type=product&#038;p=21"},"modified":"2013-12-11T17:07:34","modified_gmt":"2013-12-11T16:07:34","slug":"we-djerba","status":"publish","type":"product","link":"https:\/\/escapade-tunisie.com\/voyages\/escapades\/we-djerba\/","title":{"rendered":"Long week-end Bien-Etre \u00e0 Djerba"},"content":{"rendered":"<p>S\u00e9jours 4 jours \/ 3 nuits<br \/>\npropos\u00e9s par une agence de voyages locale<\/p>\n<p>&nbsp;<\/p>\n<p><strong>Un long week-end <em>Bien-Etre<\/em> sous le soleil de Djerba.<\/strong> Un long week-end pour vous occuper de vous, rien que de vous.<\/p>\n<p><strong>4 journ\u00e9es<\/strong> <strong>dans un \u00ab\u00a0palais d&rsquo;h\u00f4tes\u00a0\u00bb<\/strong>, une sophrologue-aromatologue pour vous guider et vous chouchouter, des escapades et du repos, du temps, pour vous.<\/p>\n<p><strong>4 week-ends, 4 programmes&#8230;<\/strong><\/p>\n<p>&nbsp;<\/p>\n\n\t\t<div class='et_quote'>\n\t\t\t<div class='et_right_quote'>\n\t\t\t\t<p><a href=\"https:\/\/i0.wp.com\/escapade-tunisie.com\/voyages\/wp-content\/uploads\/2013\/08\/christine-cercle.jpg\"><img loading=\"lazy\" decoding=\"async\" class=\"alignleft\" alt=\"Christine | Escapade-Tunisie.com\" src=\"https:\/\/i0.wp.com\/escapade-tunisie.com\/voyages\/wp-content\/uploads\/2013\/08\/christine-cercle.jpg?resize=74%2C74\" width=\"74\" height=\"74\" data-recalc-dims=\"1\" \/><\/a><span style=\"color: #ff6600;\"><em>Un endroit de r\u00eave, un vrai \u00ab\u00a0palais d&rsquo;h\u00f4tes\u00a0\u00bb, un cocon en soi. Une sophrologue-aromatologue aux petits soins pour vous. Des programmes savamment concoct\u00e9s pour vous apporter bien-\u00eatre et douceurs. Un vrai moment pour vous, rien que pour vous. 4 jours de plaisirs et des effets positifs \u00e0 long terme.\n<\/em><\/span><\/p>\n<p><span style=\"color: #ff6600;\"><em>A s&rsquo;offrir, sans mod\u00e9ration !<\/em><\/span><\/p>\n\t\t\t\t\n\t\t\t<\/div>\n\t\t\t<span class='et_quote_sign'><\/span>\n\t\t<\/div>\n\t\n<p><strong><!--more--><\/strong><\/p>\n<p><a href=\"https:\/\/i0.wp.com\/escapade-tunisie.com\/voyages\/wp-content\/uploads\/2013\/08\/week-end-djerba.jpg\"><img loading=\"lazy\" decoding=\"async\" data-attachment-id=\"26\" data-permalink=\"https:\/\/escapade-tunisie.com\/voyages\/?attachment_id=26\" data-orig-file=\"https:\/\/i0.wp.com\/escapade-tunisie.com\/voyages\/wp-content\/uploads\/2013\/08\/week-end-djerba.jpg?fit=960%2C720&amp;ssl=1\" data-orig-size=\"960,720\" data-comments-opened=\"1\" data-image-meta=\"{&quot;aperture&quot;:&quot;0&quot;,&quot;credit&quot;:&quot;&quot;,&quot;camera&quot;:&quot;&quot;,&quot;caption&quot;:&quot;&quot;,&quot;created_timestamp&quot;:&quot;0&quot;,&quot;copyright&quot;:&quot;&quot;,&quot;focal_length&quot;:&quot;0&quot;,&quot;iso&quot;:&quot;0&quot;,&quot;shutter_speed&quot;:&quot;0&quot;,&quot;title&quot;:&quot;&quot;}\" data-image-title=\"week-end djerba\" data-image-description=\"&lt;p&gt;week-end djerba&lt;\/p&gt;\n\" data-image-caption=\"\" data-medium-file=\"https:\/\/i0.wp.com\/escapade-tunisie.com\/voyages\/wp-content\/uploads\/2013\/08\/week-end-djerba.jpg?fit=300%2C225&amp;ssl=1\" data-large-file=\"https:\/\/i0.wp.com\/escapade-tunisie.com\/voyages\/wp-content\/uploads\/2013\/08\/week-end-djerba.jpg?fit=545%2C409&amp;ssl=1\" class=\"aligncenter size-full wp-image-26\" alt=\"week-end djerba\" src=\"https:\/\/i0.wp.com\/escapade-tunisie.com\/voyages\/wp-content\/uploads\/2013\/08\/week-end-djerba.jpg?resize=545%2C409\" width=\"545\" height=\"409\" srcset=\"https:\/\/i0.wp.com\/escapade-tunisie.com\/voyages\/wp-content\/uploads\/2013\/08\/week-end-djerba.jpg?w=960&amp;ssl=1 960w, https:\/\/i0.wp.com\/escapade-tunisie.com\/voyages\/wp-content\/uploads\/2013\/08\/week-end-djerba.jpg?resize=300%2C225&amp;ssl=1 300w, https:\/\/i0.wp.com\/escapade-tunisie.com\/voyages\/wp-content\/uploads\/2013\/08\/week-end-djerba.jpg?resize=220%2C165&amp;ssl=1 220w, https:\/\/i0.wp.com\/escapade-tunisie.com\/voyages\/wp-content\/uploads\/2013\/08\/week-end-djerba.jpg?resize=187%2C140&amp;ssl=1 187w, https:\/\/i0.wp.com\/escapade-tunisie.com\/voyages\/wp-content\/uploads\/2013\/08\/week-end-djerba.jpg?resize=453%2C339&amp;ssl=1 453w, https:\/\/i0.wp.com\/escapade-tunisie.com\/voyages\/wp-content\/uploads\/2013\/08\/week-end-djerba.jpg?resize=90%2C67&amp;ssl=1 90w, https:\/\/i0.wp.com\/escapade-tunisie.com\/voyages\/wp-content\/uploads\/2013\/08\/week-end-djerba.jpg?resize=150%2C112&amp;ssl=1 150w\" sizes=\"(max-width: 545px) 100vw, 545px\" data-recalc-dims=\"1\" \/><\/a><\/p>\n<p style=\"text-align: center;\">\u00a0<em>Un \u00ab\u00a0palais d&rsquo;h\u00f4tes\u00a0\u00bb, un univers de d\u00e9tente&#8230; <\/em><\/p>\n<h2><\/h2>\n<p>&nbsp;<\/p>\n<h2>ABSOLUE D\u00c9TENTE<\/h2>\n<p><strong>Apprenez \u00e0 g\u00e9rer votre stress, vos angoisses et vos \u00e9motions&#8230;<\/strong><\/p>\n\n\t\t<div class='et_quote'>\n\t\t\t<div class='et_right_quote'>\n\t\t\t\t<p>Venez vivre une exp\u00e9rience douce et apaisante gr\u00e2ce \u00e0 nos ateliers associant le meilleur des huiles essentielles relaxantes, et les bienfaits de la sophrologie, de la relaxation et de la m\u00e9ditation. En vous accordant cette parenth\u00e8se de ressourcement, retrouvez bien-\u00eatre, s\u00e9r\u00e9nit\u00e9 et apaisement, tout en apprenant \u00e0 l\u00e2cher peu \u00e0 peu : vos craintes, vos peurs et vos doutes inutiles. Enfin un week-end o\u00f9 vous succombez au plaisir du l\u00e2cher-prise\u2026 Tout est pr\u00e9vu depuis votre arriv\u00e9e jusqu\u2019\u00e0 votre d\u00e9part !<\/p>\n<p><span style=\"color: #ff6600;\">Prochaines dates : du 27 au 30 septembre 2013<\/span>\n<span style=\"color: #808080;\"><em>(me consulter pour d\u2019autres dates)<\/em><\/span><\/p>\n\t\t\t\t\n\t\t\t<\/div>\n\t\t\t<span class='et_quote_sign'><\/span>\n\t\t<\/div>\n\t\n<p>&nbsp;<\/p>\n<h2>EVASION ENERGIE-SANTE<\/h2>\n<p><strong>Tensions accumul\u00e9es, fatigue constante, manque d\u2019\u00e9nergie, gestion de la douleur, mal de dos, fibromyalgie\u2026.<\/strong><\/p>\n\n\t\t<div class='et_quote'>\n\t\t\t<div class='et_right_quote'>\n\t\t\t\t<p>Accordez-vous une pause \u00ab\u00a0bien-\u00eatre\u00a0\u00bb\u2026. Une pause consciente et mettez-vous \u00e0 l\u2019\u00e9coute des inconforts de votre corps. Venez comprendre au fil de ce s\u00e9jour, l\u2019importance et l\u2019impact de nos pens\u00e9es sur notre corps. Apprenez \u00e0 d\u00e9velopper la pens\u00e9e positive, et ressourcez-vous en int\u00e9grant au fil de ce s\u00e9jour, les bienfaits de la relaxation dynamique, les techniques de respiration et la phyto-\u00e9nerg\u00e9tique pour r\u00e9apprendre \u00e0 prendre soin de soi, en retrouvant \u00e9nergie et tonus.<\/p>\n<p><span style=\"color: #ff6600;\">Prochaines dates : du 8 au 11 novembre 2013<\/span>\n<em>(me consulter pour d\u2019autres dates)<\/em><\/p>\n\t\t\t\t\n\t\t\t<\/div>\n\t\t\t<span class='et_quote_sign'><\/span>\n\t\t<\/div>\n\t\n<p>&nbsp;<\/p>\n<h2>SE RECONCILIER AVEC SON CORPS, AVEC SON POIDS<\/h2>\n<p><strong>Mon image et mon estime<\/strong><\/p>\n\n\t\t<div class='et_quote'>\n\t\t\t<div class='et_right_quote'>\n\t\t\t\t<p>Dans cet atelier nous ne parlerons pas de restriction alimentaire s\u00e9v\u00e8re ni de r\u00e9gime \u00ab miracle \u00bb, nous prendrons simplement conscience de nos modes de fonctionnement et de l\u2019influence de nos croyances limittantes, voire toxiques. A l\u2019aide des exercices de visualisation positive, nous nous r\u00e9approprions notre corps en apprenant \u00e0 le conna\u00eetre et \u00e0 le respecter. La sophrologie est une m\u00e9thode de relaxation tr\u00e8s efficace qui associ\u00e9e \u00e0 un suivi nutritionnel permet de perdre du poids durablement. Le changement est doux et progressif. Le secret : Au cours des s\u00e9ances de sophrologie et de relaxation : vous apprendrez et int\u00e9grerez des techniques de relaxation visant \u00e0 vous permettre d\u00b4avoir une action directe sur le stress, la gestion du poids, la confiance en soi, et l\u2019estime de soi. Vous apprendrez \u00e0 mieux vous accepter en installant progressivement des sentiments d\u2019harmonie, en vous\u2026. Ce n\u2019est que du bonheur \u00e0 vivre !<\/p>\n<p><span style=\"color: #ff6600;\">Prochaines dates : du 6 au 9 d\u00e9cembre 2013<\/span>\n<em>(me consulter pour d\u2019autres dates)<\/em><\/p>\n\t\t\t\t\n\t\t\t<\/div>\n\t\t\t<span class='et_quote_sign'><\/span>\n\t\t<\/div>\n\t\n<p>&nbsp;<\/p>\n<h2>ESCALE \u00ab\u00a0VIVRE SANS TABAC\u00a0\u00bb<\/h2>\n<p><strong>Changez d\u2019air et d\u2019habitude : C\u2019est d\u00e9cid\u00e9 J\u2019arr\u00eate la cigarette !<\/strong><\/p>\n\n\t\t<div class='et_quote'>\n\t\t\t<div class='et_right_quote'>\n\t\t\t\t<p>Offrez-vous cette escapade en vous disant qu\u2019elle constitue en premier lieu une r\u00e9compense \u00e0 votre d\u00e9cision d\u2019arr\u00eater de fumer. Une sorte d\u2019encouragement qui amplifiera votre motivation personnelle. Dans le cadre d\u00e9paysant que nous vous proposons, octroyez-vous un moment pour prendre soin de vous, vous reconnecter \u00e0 votre essentiel et ancrer de nouvelles habitudes \u00ab\u00a0sans-tabac\u00a0\u00bb. Techniques de relaxation, de respiration, aromath\u00e9rapie, sophrologie, fleurs de Bach vous apporteront une aide pr\u00e9cieuse tant pour la gestion du stress que pour la mise en place d\u2019une nouvelle hygi\u00e8ne de vie. C\u2019est toute une nouvelle philosophie de vie qui vous attend, centr\u00e9e autour du plaisir, du go\u00fbt, de l\u2019odorat, de la sensation . Il n\u2019y a pas de risque \u00e0 essayer, le plus grand risque serait de ne pas essayer !<\/p>\n<p><span style=\"color: #ff6600;\">Prochaines dates : du 15 au 18 ao\u00fbt 2014<\/span>\n<em>(me consulter pour d\u2019autres dates)<\/em><\/p>\n\t\t\t\t\n\t\t\t<\/div>\n\t\t\t<span class='et_quote_sign'><\/span>\n\t\t<\/div>\n\t\n<p>&nbsp;<\/p>\n<div class='et-box et-shadow'>\n\t\t\t\t\t<div class='et-box-content'><h2><span style=\"color: #ff6600;\">Demande de r\u00e9servation<\/span><\/h2>\n<p style=\"text-align: left;\">\n<div class=\"wpcf7 no-js\" id=\"wpcf7-f184-o1\" lang=\"fr-FR\" dir=\"ltr\">\n<div class=\"screen-reader-response\"><p role=\"status\" aria-live=\"polite\" aria-atomic=\"true\"><\/p> <ul><\/ul><\/div>\n<form action=\"\/voyages\/wp-json\/wp\/v2\/product\/21#wpcf7-f184-o1\" method=\"post\" class=\"wpcf7-form init\" aria-label=\"Formulaire de contact\" novalidate=\"novalidate\" data-status=\"init\">\n<div style=\"display: none;\">\n<input type=\"hidden\" name=\"_wpcf7\" value=\"184\" \/>\n<input type=\"hidden\" name=\"_wpcf7_version\" value=\"5.9.3\" \/>\n<input type=\"hidden\" name=\"_wpcf7_locale\" value=\"fr_FR\" \/>\n<input type=\"hidden\" name=\"_wpcf7_unit_tag\" value=\"wpcf7-f184-o1\" \/>\n<input type=\"hidden\" name=\"_wpcf7_container_post\" value=\"0\" \/>\n<input type=\"hidden\" name=\"_wpcf7_posted_data_hash\" value=\"\" \/>\n<input type=\"hidden\" name=\"_wpcf7_recaptcha_response\" value=\"\" \/>\n<\/div>\n<p><span class=\"wpcf7-form-control-wrap\" data-name=\"nom\"><input size=\"40\" class=\"wpcf7-form-control wpcf7-text wpcf7-validates-as-required\" aria-required=\"true\" aria-invalid=\"false\" placeholder=\"Nom *\" value=\"\" type=\"text\" name=\"nom\" \/><\/span>\n<\/p>\n<p><span class=\"wpcf7-form-control-wrap\" data-name=\"email\"><input size=\"40\" class=\"wpcf7-form-control wpcf7-email wpcf7-validates-as-required wpcf7-text wpcf7-validates-as-email\" aria-required=\"true\" aria-invalid=\"false\" placeholder=\"Email *\" value=\"\" type=\"email\" name=\"email\" \/><\/span>\n<\/p>\n<p><span class=\"wpcf7-form-control-wrap\" data-name=\"message\"><textarea cols=\"60\" rows=\"3\" class=\"wpcf7-form-control wpcf7-textarea\" aria-invalid=\"false\" placeholder=\"Message (optionnel)\" name=\"message\"><\/textarea><\/span>\n<\/p>\n<p><input class=\"wpcf7-form-control wpcf7-submit has-spinner\" type=\"submit\" value=\"Envoyer\" \/>\n<\/p><p style=\"display: none !important;\" class=\"akismet-fields-container\" data-prefix=\"_wpcf7_ak_\"><label>&#916;<textarea name=\"_wpcf7_ak_hp_textarea\" cols=\"45\" rows=\"8\" maxlength=\"100\"><\/textarea><\/label><input type=\"hidden\" id=\"ak_js_1\" name=\"_wpcf7_ak_js\" value=\"59\"\/><script>document.getElementById( \"ak_js_1\" ).setAttribute( \"value\", ( new Date() ).getTime() );<\/script><\/p><div class=\"wpcf7-response-output\" aria-hidden=\"true\"><\/div>\n<\/form>\n<\/div>\n<\/p>\n<p>&nbsp;<\/p>\n<h2><span style=\"color: #000000;\">S\u00e9jour \u00e0 la carte ?<\/span><\/h2>\n<p>Vous \u00eates un groupe de 6 \u00e0 14 personnes ? Vous souhaitez un week-end Bien-Etre \u00e0 Djerba rien que pour vous ?<\/p>\n<p>C&rsquo;est possible !<\/p>\n<p>D&rsquo;autres week-ends peuvent \u00eatre mis en place \u00e0 vos dates en fonction de la disponibilit\u00e9 de la th\u00e9rapeute.<\/p>\n<p>Cliquez sur <a href='http:\/\/escapade-tunisie.com\/voyages\/reservation\/' class='small-button smallsilver' target=\"_blank\">R\u00e9server<\/a> et faites moi part de vos envies en compl\u00e9tant le formulaire.<\/p><\/div><\/div>\n<p>&nbsp;<\/p>\n","protected":false},"excerpt":{"rendered":"<p><strong>S\u00e9jour 4 jours \/ 3 nuits \u00e0 Djerba<br \/>\n<\/strong><\/p>\n<p>Un long week-end Bien Etre sous le soleil de Djerba. 4 journ\u00e9es dans un \u00ab\u00a0palais d&rsquo;h\u00f4tes\u00a0\u00bb, une sophrologue-aromatologue pour vous guider et vous chouchouter, des escapades et du repos, du temps, pour vous.<\/p>\n<p>4 week-ends, 4 programmes<\/p>\n","protected":false},"featured_media":26,"comment_status":"open","ping_status":"closed","template":"","meta":[],"product_cat":[14],"product_tag":[15],"yoast_head":"<!-- This site is optimized with the Yoast SEO plugin v22.5 - https:\/\/yoast.com\/wordpress\/plugins\/seo\/ -->\n<title>Long week-end Bien-Etre \u00e0 Djerba - Escapade-Tunisie.com \/ Voyages<\/title>\n<meta name=\"robots\" content=\"index, follow, max-snippet:-1, max-image-preview:large, max-video-preview:-1\" \/>\n<link rel=\"canonical\" href=\"https:\/\/escapade-tunisie.com\/voyages\/escapades\/we-djerba\/\" \/>\n<meta property=\"og:locale\" content=\"fr_FR\" \/>\n<meta property=\"og:type\" content=\"article\" \/>\n<meta property=\"og:title\" content=\"Long week-end Bien-Etre \u00e0 Djerba - Escapade-Tunisie.com \/ Voyages\" \/>\n<meta property=\"og:description\" content=\"S\u00e9jour 4 jours \/ 3 nuits \u00e0 Djerba   Un long week-end Bien Etre sous le soleil de Djerba. 4 journ\u00e9es dans un &quot;palais d&#039;h\u00f4tes&quot;, une sophrologue-aromatologue pour vous guider et vous chouchouter, des escapades et du repos, du temps, pour vous.  4 week-ends, 4 programmes\" \/>\n<meta property=\"og:url\" content=\"https:\/\/escapade-tunisie.com\/voyages\/escapades\/we-djerba\/\" \/>\n<meta property=\"og:site_name\" content=\"Escapade-Tunisie.com \/ Voyages\" \/>\n<meta property=\"article:publisher\" content=\"https:\/\/www.facebook.com\/TerraNomadisTunisie\" \/>\n<meta property=\"article:modified_time\" content=\"2013-12-11T16:07:34+00:00\" \/>\n<meta property=\"og:image\" content=\"https:\/\/i0.wp.com\/escapade-tunisie.com\/voyages\/wp-content\/uploads\/2013\/08\/week-end-djerba.jpg?fit=960%2C720&ssl=1\" \/>\n\t<meta property=\"og:image:width\" content=\"960\" \/>\n\t<meta property=\"og:image:height\" content=\"720\" \/>\n\t<meta property=\"og:image:type\" content=\"image\/jpeg\" \/>\n<meta name=\"twitter:label1\" content=\"Dur\u00e9e de lecture estim\u00e9e\" \/>\n\t<meta name=\"twitter:data1\" content=\"4 minutes\" \/>\n<script type=\"application\/ld+json\" class=\"yoast-schema-graph\">{\"@context\":\"https:\/\/schema.org\",\"@graph\":[{\"@type\":\"WebPage\",\"@id\":\"https:\/\/escapade-tunisie.com\/voyages\/escapades\/we-djerba\/\",\"url\":\"https:\/\/escapade-tunisie.com\/voyages\/escapades\/we-djerba\/\",\"name\":\"Long week-end Bien-Etre \u00e0 Djerba - Escapade-Tunisie.com \/ Voyages\",\"isPartOf\":{\"@id\":\"https:\/\/escapade-tunisie.com\/voyages\/#website\"},\"primaryImageOfPage\":{\"@id\":\"https:\/\/escapade-tunisie.com\/voyages\/escapades\/we-djerba\/#primaryimage\"},\"image\":{\"@id\":\"https:\/\/escapade-tunisie.com\/voyages\/escapades\/we-djerba\/#primaryimage\"},\"thumbnailUrl\":\"https:\/\/i0.wp.com\/escapade-tunisie.com\/voyages\/wp-content\/uploads\/2013\/08\/week-end-djerba.jpg?fit=960%2C720&ssl=1\",\"datePublished\":\"2013-08-11T15:04:43+00:00\",\"dateModified\":\"2013-12-11T16:07:34+00:00\",\"breadcrumb\":{\"@id\":\"https:\/\/escapade-tunisie.com\/voyages\/escapades\/we-djerba\/#breadcrumb\"},\"inLanguage\":\"fr-FR\",\"potentialAction\":[{\"@type\":\"ReadAction\",\"target\":[\"https:\/\/escapade-tunisie.com\/voyages\/escapades\/we-djerba\/\"]}]},{\"@type\":\"ImageObject\",\"inLanguage\":\"fr-FR\",\"@id\":\"https:\/\/escapade-tunisie.com\/voyages\/escapades\/we-djerba\/#primaryimage\",\"url\":\"https:\/\/i0.wp.com\/escapade-tunisie.com\/voyages\/wp-content\/uploads\/2013\/08\/week-end-djerba.jpg?fit=960%2C720&ssl=1\",\"contentUrl\":\"https:\/\/i0.wp.com\/escapade-tunisie.com\/voyages\/wp-content\/uploads\/2013\/08\/week-end-djerba.jpg?fit=960%2C720&ssl=1\",\"width\":960,\"height\":720,\"caption\":\"week-end djerba\"},{\"@type\":\"BreadcrumbList\",\"@id\":\"https:\/\/escapade-tunisie.com\/voyages\/escapades\/we-djerba\/#breadcrumb\",\"itemListElement\":[{\"@type\":\"ListItem\",\"position\":1,\"name\":\"Escapade-Tunisie.com\",\"item\":\"https:\/\/escapade-tunisie.com\/voyages\/\"},{\"@type\":\"ListItem\",\"position\":2,\"name\":\"Escapades\",\"item\":\"https:\/\/escapade-tunisie.com\/voyages\/escapades\/\"},{\"@type\":\"ListItem\",\"position\":3,\"name\":\"Long week-end Bien-Etre \u00e0 Djerba\"}]},{\"@type\":\"WebSite\",\"@id\":\"https:\/\/escapade-tunisie.com\/voyages\/#website\",\"url\":\"https:\/\/escapade-tunisie.com\/voyages\/\",\"name\":\"Escapade-Tunisie.com \/ Voyages\",\"description\":\"\",\"potentialAction\":[{\"@type\":\"SearchAction\",\"target\":{\"@type\":\"EntryPoint\",\"urlTemplate\":\"https:\/\/escapade-tunisie.com\/voyages\/?s={search_term_string}\"},\"query-input\":\"required name=search_term_string\"}],\"inLanguage\":\"fr-FR\"}]}<\/script>\n<!-- \/ Yoast SEO plugin. -->","yoast_head_json":{"title":"Long week-end Bien-Etre \u00e0 Djerba - Escapade-Tunisie.com \/ Voyages","robots":{"index":"index","follow":"follow","max-snippet":"max-snippet:-1","max-image-preview":"max-image-preview:large","max-video-preview":"max-video-preview:-1"},"canonical":"https:\/\/escapade-tunisie.com\/voyages\/escapades\/we-djerba\/","og_locale":"fr_FR","og_type":"article","og_title":"Long week-end Bien-Etre \u00e0 Djerba - Escapade-Tunisie.com \/ Voyages","og_description":"S\u00e9jour 4 jours \/ 3 nuits \u00e0 Djerba   Un long week-end Bien Etre sous le soleil de Djerba. 4 journ\u00e9es dans un \"palais d'h\u00f4tes\", une sophrologue-aromatologue pour vous guider et vous chouchouter, des escapades et du repos, du temps, pour vous.  4 week-ends, 4 programmes","og_url":"https:\/\/escapade-tunisie.com\/voyages\/escapades\/we-djerba\/","og_site_name":"Escapade-Tunisie.com \/ Voyages","article_publisher":"https:\/\/www.facebook.com\/TerraNomadisTunisie","article_modified_time":"2013-12-11T16:07:34+00:00","og_image":[{"width":960,"height":720,"url":"https:\/\/i0.wp.com\/escapade-tunisie.com\/voyages\/wp-content\/uploads\/2013\/08\/week-end-djerba.jpg?fit=960%2C720&ssl=1","type":"image\/jpeg"}],"twitter_misc":{"Dur\u00e9e de lecture estim\u00e9e":"4 minutes"},"schema":{"@context":"https:\/\/schema.org","@graph":[{"@type":"WebPage","@id":"https:\/\/escapade-tunisie.com\/voyages\/escapades\/we-djerba\/","url":"https:\/\/escapade-tunisie.com\/voyages\/escapades\/we-djerba\/","name":"Long week-end Bien-Etre \u00e0 Djerba - Escapade-Tunisie.com \/ Voyages","isPartOf":{"@id":"https:\/\/escapade-tunisie.com\/voyages\/#website"},"primaryImageOfPage":{"@id":"https:\/\/escapade-tunisie.com\/voyages\/escapades\/we-djerba\/#primaryimage"},"image":{"@id":"https:\/\/escapade-tunisie.com\/voyages\/escapades\/we-djerba\/#primaryimage"},"thumbnailUrl":"https:\/\/i0.wp.com\/escapade-tunisie.com\/voyages\/wp-content\/uploads\/2013\/08\/week-end-djerba.jpg?fit=960%2C720&ssl=1","datePublished":"2013-08-11T15:04:43+00:00","dateModified":"2013-12-11T16:07:34+00:00","breadcrumb":{"@id":"https:\/\/escapade-tunisie.com\/voyages\/escapades\/we-djerba\/#breadcrumb"},"inLanguage":"fr-FR","potentialAction":[{"@type":"ReadAction","target":["https:\/\/escapade-tunisie.com\/voyages\/escapades\/we-djerba\/"]}]},{"@type":"ImageObject","inLanguage":"fr-FR","@id":"https:\/\/escapade-tunisie.com\/voyages\/escapades\/we-djerba\/#primaryimage","url":"https:\/\/i0.wp.com\/escapade-tunisie.com\/voyages\/wp-content\/uploads\/2013\/08\/week-end-djerba.jpg?fit=960%2C720&ssl=1","contentUrl":"https:\/\/i0.wp.com\/escapade-tunisie.com\/voyages\/wp-content\/uploads\/2013\/08\/week-end-djerba.jpg?fit=960%2C720&ssl=1","width":960,"height":720,"caption":"week-end djerba"},{"@type":"BreadcrumbList","@id":"https:\/\/escapade-tunisie.com\/voyages\/escapades\/we-djerba\/#breadcrumb","itemListElement":[{"@type":"ListItem","position":1,"name":"Escapade-Tunisie.com","item":"https:\/\/escapade-tunisie.com\/voyages\/"},{"@type":"ListItem","position":2,"name":"Escapades","item":"https:\/\/escapade-tunisie.com\/voyages\/escapades\/"},{"@type":"ListItem","position":3,"name":"Long week-end Bien-Etre \u00e0 Djerba"}]},{"@type":"WebSite","@id":"https:\/\/escapade-tunisie.com\/voyages\/#website","url":"https:\/\/escapade-tunisie.com\/voyages\/","name":"Escapade-Tunisie.com \/ Voyages","description":"","potentialAction":[{"@type":"SearchAction","target":{"@type":"EntryPoint","urlTemplate":"https:\/\/escapade-tunisie.com\/voyages\/?s={search_term_string}"},"query-input":"required name=search_term_string"}],"inLanguage":"fr-FR"}]}},"jetpack_sharing_enabled":true,"jetpack_likes_enabled":true,"_links":{"self":[{"href":"https:\/\/escapade-tunisie.com\/voyages\/wp-json\/wp\/v2\/product\/21"}],"collection":[{"href":"https:\/\/escapade-tunisie.com\/voyages\/wp-json\/wp\/v2\/product"}],"about":[{"href":"https:\/\/escapade-tunisie.com\/voyages\/wp-json\/wp\/v2\/types\/product"}],"replies":[{"embeddable":true,"href":"https:\/\/escapade-tunisie.com\/voyages\/wp-json\/wp\/v2\/comments?post=21"}],"wp:featuredmedia":[{"embeddable":true,"href":"https:\/\/escapade-tunisie.com\/voyages\/wp-json\/wp\/v2\/media\/26"}],"wp:attachment":[{"href":"https:\/\/escapade-tunisie.com\/voyages\/wp-json\/wp\/v2\/media?parent=21"}],"wp:term":[{"taxonomy":"product_cat","embeddable":true,"href":"https:\/\/escapade-tunisie.com\/voyages\/wp-json\/wp\/v2\/product_cat?post=21"},{"taxonomy":"product_tag","embeddable":true,"href":"https:\/\/escapade-tunisie.com\/voyages\/wp-json\/wp\/v2\/product_tag?post=21"}],"curies":[{"name":"wp","href":"https:\/\/api.w.org\/{rel}","templated":true}]}}